10. Suppose 0 = 4*n - i, -28 - 43 = -3*h - 4*n. Let v = h + 3. What is the tens digit of v?
2
Let p be 1/(2695/(-675) - -4). Let b = -24 + p. What is the units digit of b?
1
What is the tens digit of (-188)/(-10 + (-1533)/(-154))?
3
Let j = -20 + 20. Suppose 3*b + s + s - 8 = j, 5*b + 2*s - 12 = 0. Suppose 4*n = 0, -b*x - 80 = -6*x - 3*n. What is the tens digit of x?
2
Let o = -14 + 17. Suppose -2*l - o*q - 10 = 0, -4*q - 21 = -5*l - 0*l. What is the units digit of 234/3*l/2?
9
Suppose 5*w + 1280 - 120 = 0. Let i = w - -378. What is the tens digit of i?
4
Suppose -2*i + 2*o - 4 = 0, -5*i + 13 + 7 = o. Suppose i*c - 153 = -0*c. Suppose 5*r - c = 69. What is the units digit of r?
4
Let c(s) = 3*s**2 - 12*s - 10. Let g(o) = -7*o**2 + 25*o + 21. Let a(j) = -9*c(j) - 4*g(j). Let l be a(-5). What is the tens digit of (-30)/l*24/5?
1
Let i(v) = -v**3 - 24*v**2 + 26*v + 22. Let b(h) = -3*h**3 - 71*h**2 + 79*h + 66. Let m(j) = -3*b(j) + 8*i(j). What is the tens digit of m(-22)?
3
Let x be 2/(-19) - (-70403)/437. Let g(s) = -s**3 + 8*s**2 + 6*s - 7. Let k be g(5). Let q = x - k. What is the tens digit of q?
6
Suppose 0*q = -r - q + 10, 0 = q - 1. Suppose 278 = r*v - 7*v. What is the tens digit of v?
3
Suppose m - 3*m = 2*s - 14, -2*m + 2*s = 2. Suppose -m*k + 600 = 2*k. Suppose -l - 3*l = -k. What is the tens digit of l?
3
Suppose 3*g + 12*g - 11055 = 0. What is the units digit of g?
7
Suppose 15 = -5*y, 4*y - 2*y = 2*b + 4. Let h(u) = 5 + 144*u + 3*u**2 - u**2 + 2 - 137*u. What is the units digit of h(b)?
2
Suppose n - 5*w = 0, -3*n = -8*n - 4*w. Suppose 9 = -n*l - l. What is the units digit of ((-6)/l)/(4/138)?
3
Let m(d) = d**3 - 13*d**2 + d - 13. Let v be m(13). Suppose o - 2*u + 4*u - 92 = v, -5*o = -5*u - 445. What is the tens digit of o?
9
Suppose -4*n + 338 = -2*s, 0 = 3*n - 2*s - 350 + 95. Let b = n + -42. Let j = b - 23. What is the tens digit of j?
1
Let o(u) = 3*u - 11*u**2 + 0*u + 9*u + u**3 - 7. Suppose -4*f + 48 = 4*z, 2*z - f - 28 = -z. What is the units digit of o(z)?
3
Let k be (-2)/(-8) - (-622)/8. Let p = k + -44. What is the units digit of p?
4
Let p(o) = o**3 + 14*o**2 - 5*o + 1. Let j be p(-14). Let s = 134 - j. What is the units digit of s?
3
Suppose 3*c + 78 = -3*c. Let n = 3 + c. Let x = 72 + n. What is the tens digit of x?
6
Suppose s - 3435 = -4*v, -s = -5*s - v + 13755. What is the hundreds digit of s?
4
Let x(g) = g**3 - 4*g**2 + 2*g. Let m(d) = 3*d**3 - 11*d**2 + 5*d - 1. Let p(i) = 2*m(i) - 7*x(i). Let w be p(5). What is the units digit of (5 - w)/(4/26)?
3
Suppose 2*l - 28 = 3*l. Let z be (-2)/(-7) + (-160)/l. Suppose j = z*j - 165. What is the tens digit of j?
3
Suppose 3*c - 2 - 13 = 4*p, -4*c + 20 = -3*p. Suppose 0 = c*l - 25, -2*l - 26 = -4*w. Suppose -13*s + w*s = -184. What is the tens digit of s?
4
Suppose -432*a = -428*a - 152. Let b be 13 + 4/(-6)*-3. Let p = a + b. What is the tens digit of p?
5
Let g = 41 + -58. Let d = 3 - 11. Let p = d - g. What is the units digit of p?
9
Suppose 0 = -3*g - 2*b + 5, -4*b - 24 = -4*g - 4. Let n be g/(-6) + 3/(-2). What is the tens digit of ((-156)/(-36))/(n/(-18))?
3
Let u = 111 - 108. What is the units digit of 33 + u/((-6)/(-2))?
4
Let z(f) = f**3 - 13*f**2 + 13*f - 8. Let b be z(12). Suppose h + 5 = b*n, -3*n = 2*h - 6*h + 19. Suppose -o + 0 + h = 0. What is the units digit of o?
7
Let y(g) = 17*g**2 - 16*g - 15. What is the tens digit of y(7)?
0
Suppose 4*f = 36 + 12. Suppose 0 = -f*o + 13*o - 26. Suppose m + 4*j - 57 = 0, -2*m + 5*j = -23 - o. What is the tens digit of m?
3
Suppose -5*u + 2*o = -4, 0*u + 2*u + 3*o = -6. Let m(r) = -2*r + 53. What is the tens digit of m(u)?
5
Suppose -372 = 5*q - 1812. Suppose 3*k + 15 = -2*k, 4*k + q = 3*c. What is the units digit of c?
2
Let q(h) = -h**3 + 3*h**2 - 7 + 8*h - 4*h + h + 2*h**3. Let n(c) = c - 1. Let r be n(4). What is the tens digit of q(r)?
6
Let d = -952 + 2724. What is the hundreds digit of d?
7
Suppose 2*x - 117 = -x. Let l be (x - 0)/((-13)/(-26)). Suppose 5*d - l = -d. What is the units digit of d?
3
Suppose -19*m + 23*m = 0. Suppose a - 5*b - 262 = 0, 0 = -b - m - 4. What is the hundreds digit of a?
2
Let c be -2 - (-4 + (-8)/(-4) + -2). Suppose -c*s = 7 - 17. What is the units digit of s?
5
Let j be 2/(-15) + 1744/30. Suppose 5*w = 5*q - 648 + j, 5*w + 25 = 0. What is the units digit of q?
3
Suppose 2*x - 4*z - 24 = 0, 3*x = 4*z - 9 + 35. Suppose -4*i + 2*b = -2*b - 380, -466 = -5*i + x*b. Suppose 6*y + i = 10*y. What is the tens digit of y?
2
Let f(s) be the first derivative of 3*s**4/4 - s**2/2 - 6*s - 4. What is the tens digit of f(3)?
7
Suppose -429 = -4*y + 28*i - 31*i, -4*i = -y + 93. What is the tens digit of y?
0
Let h(j) be the first derivative of j**3/3 + 11*j**2/2 + 11*j + 5. Let t be h(-10). Let b = t + 26. What is the units digit of b?
7
Suppose 3*l + 0*l - 315 = 0. Suppose -3*u - 230 - l = -x, -5*u + 351 = x. Suppose -5*s = 61 - x. What is the units digit of s?
6
Let w(n) = 127*n - 9. Let j(r) = -63*r + 4. Let v(b) = 5*j(b) + 2*w(b). Suppose 11 - 14 = 3*l. What is the units digit of v(l)?
3
Let d(i) = -i**3 - 654 + 2*i + 7*i**2 + 652 + i + 2*i**3. Let h(j) = j**2 + 7*j + 6. Let w be h(-4). What is the units digit of d(w)?
6
Let s(p) = 6*p + 3. Let c(m) = 5*m + 4. Let b be (0 - -1)*1*5. Let o(y) = b*c(y) - 4*s(y). What is the units digit of o(15)?
3
Let b(q) = q**3 + 27*q**2 + q + 47. What is the units digit of b(-27)?
0
What is the tens digit of (-4)/1 + 936 + 0/(-3)?
3
Let x be (8/20)/((-1)/(-295)). Let w = x + -67. What is the tens digit of w?
5
Let m = -34 - -37. Let u(n) = 10*n**2 - n - 5. What is the tens digit of u(m)?
8
Suppose -434*c = -442*c + 5800. What is the hundreds digit of c?
7
Suppose -m - 20 = -5*g, -4*m + 0*g - 4*g = -40. What is the units digit of 138/30 + m/((-50)/(-4))?
5
What is the tens digit of 0/(-1) + 0 + 804/3?
6
Let h(y) be the second derivative of -11*y**3 + y**2 + 12*y. What is the tens digit of h(-1)?
6
Suppose -4250 = 6*s - 11*s + 5*q, 0 = -s + 4*q + 862. What is the tens digit of s?
4
Suppose -3*g + 34 = -59. Let p(i) = -i**3 + 5*i**2 + i - 5. Let r be p(5). Suppose 3*f - g - 68 = r. What is the tens digit of f?
3
Let r = 20 + -35. Let w be 6/(5/(r/6)). Let o(n) = -4*n + 4. What is the units digit of o(w)?
6
Suppose -o + 1 = -4. Suppose 2*v - o*v + 288 = 0. Let u = -65 + v. What is the tens digit of u?
3
Let y be (-16)/(-4) + 18 + 2. Let m be (y/10)/(6/(-100)). What is the tens digit of ((-75)/60)/(2/m)?
2
Suppose 3*a - 4 - 5 = 0. Suppose 5 = h + a*p - 3, -5*h = p - 68. What is the units digit of h?
4
Suppose -3*f = -m + 513, 2*f + 0*m - 2*m + 346 = 0. Let a = f - -353. What is the tens digit of a?
8
Let g(z) = -z**2 - 10*z - 6. Let v = 4 - 8. What is the tens digit of g(v)?
1
What is the hundreds digit of 49/(708/(-102) - -7)?
8
Let f(c) = 2*c**3 - 15*c**2 + 24*c - 1. What is the units digit of f(10)?
9
Let j(z) = -z**3 + 5*z**2 - 3*z - 2. Let w be j(4). Let c be (-294)/8 + (-375)/300. Let v = w - c. What is the tens digit of v?
4
Let c(y) = -y - 8. Let n be c(4). Let u be (-4)/((4 - 2)/n). Suppose -3*i + u = -0*i. What is the units digit of i?
8
Let y(r) = 75*r**2 - r - 1. What is the hundreds digit of y(-3)?
6
Suppose 6*i - 339 = -l + i, -4*i = l - 342. What is the tens digit of l?
5
Suppose d - 30 = 4*r, -3*d + 2*r - 8 = -48. Let s = d + 0. Suppose 13 = i - s. What is the tens digit of i?
2
Let d be 29/2 - 6/12. Let i(p) = -6*p + 8*p + d - 3. What is the units digit of i(0)?
1
Let k(h) = -h**2 - 19*h - 8. Let c be k(-18). Suppose c*v - 185 - 1305 = 0. What is the tens digit of v?
4
Let s be 2/11 - (-70)/(-22). What is the units digit of (-410)/(-15) - 2/s?
8
Suppose 2*f - 4*f + 2 = 0. Let k be f*(-4 + 0 + 4). Suppose 0 = -k*a - 3*a + 114. What is the units digit of a?
8
Let h = -51 + 56. Suppose 4*s + 163 = a, -5*a - h*s + 419 = -346. What is the hundreds digit of a?
1
Let u = 218 + 27. What is the units digit of u?
5
Let a(m) = m**3 - 2*m**2 - 2*m + 2. Let u be a(3). Let w = -2 + u. Suppose 3*p - 1 = -2*y, -2*y = w*y - 2*p - 50. What is the units digit of y?
8
Suppose -29 = c - 2. Let p = c - -49. What is the units digit of p?
2
Suppose -44*j + 6*j + 62814 = 0. What is the units digit of j?
3
What is the tens digit of ((-99)/231 - 5611/7)*-2?
0
Suppose g = 5